n base 12?
381
What is 101212111 (base 3) in base 2?
1111011110100
1b331 (base 13) to base 5
3201100
130662 (base 7) to base 5
1234343
What is -96a (base 11) in base 12?
-811
What is 130223 (base 4) in base 10?
1835
Convert 1426 (base 13) to base 5.
43110
Convert 12462 (base 8) to base 3.
21102222
What is 9a7 (base 13) in base 12?
b62
What is 10100101 (base 2) in base 6?
433
What is -314350 (base 6) in base 12?
-129b6
Convert 117301 (base 8) to base 14.
10b4d
Convert -578 (base 10) to base 13.
-356
What is -9724 (base 10) in base 13?
-4570
-101100111000111 (base 2) to base 7
-124002
Convert -22230 (base 5) to base 12.
-aa5
Convert a1b (base 13) to base 9.
2314
What is 17728 (base 9) in base 2?
10111111100001
What is -12312311 (base 4) in base 12?
-14305
What is -39c4 (base 15) in base 13?
-57ca
What is -21121001 (base 3) in base 2?
-1010110100000
What is -40b (base 16) in base 4?
-100023
-202242 (base 5) to base 15
-1e32
-23307 (base 10) to base 15
-6d8c
What is 1000001010101 (base 2) in base 9?
5655
What is -121221 (base 4) in base 13?
-993
Convert 68a (base 11) to base 15.
39e
What is -2120 (base 8) in base 9?
-1456
Convert 317 (base 8) to base 13.
12c
What is -3115 (base 8) in base 2?
-11001001101
Convert -1416 (base 7) to base 13.
-336
f0ae (base 16) to base 11
42323
Convert -13247 (base 9) to base 16.
-22f9
Convert 233 (base 13) to base 10.
380
What is -6cd4 (base 15) in base 8?
-55155
Convert 21530 (base 6) to base 7.
11523
Convert 165 (base 7) to base 15.
66
20a89 (base 14) to base 10
78913
-12203 (base 4) to base 2
-110100011
Convert 21 (base 13) to base 2.
11011
Convert 22222020 (base 3) to base 16.
198c
-319 (base 11) to base 3
-112012
4358 (base 11) to base 5
141000
-2033 (base 5) to base 2
-100001100
Convert 83752 (base 9) to base 13.
1c220
What is 1230 (base 11) in base 9?
2174
110010011 (base 2) to base 10
403
What is -125 (base 9) in base 8?
-150
What is 54010 (base 7) in base 2?
11010001001000
What is -1100 (base 6) in base 9?
-310
What is 3863 (base 11) in base 8?
11646
Convert -240 (base 14) to base 3.
-121121
Convert 140 (base 13) to base 3.
22012
What is -302014 (base 5) in base 10?
-9634
-a1 (base 12) to base 11
-100
What is -51230 (base 6) in base 15?
-2026
Convert 147 (base 15) to base 10.
292
What is 419 (base 11) in base 7?
1320
225c (base 16) to base 14
32c4
What is -10000001 (base 2) in base 7?
-243
110a (base 15) to base 9
4851
What is -25a (base 16) in base 2?
-1001011010
217 (base 10) to base 15
e7
1a88 (base 16) to base 10
6792
What is 11031 (base 7) in base 9?
3713
What is 129a (base 11) in base 5?
23212
What is -4a7e (base 15) in base 7?
-64160
Convert 63a0 (base 11) to base 8.
20413
Convert 144223 (base 6) to base 8.
33127
What is -657 (base 8) in base 4?
-12233
What is 1a10 (base 13) in base 12?
2310
What is 1256 (base 7) in base 2?
111100010
b15 (base 16) to base 2
101100010101
What is 1091 (base 12) in base 16?
72d
-b31 (base 14) to base 10
-2199
What is 249 (base 11) in base 16?
127
What is -212 (base 6) in base 3?
-2222
-1206 (base 11) to base 12
-ab7
-6238 (base 11) to base 4
-2001031
What is 3303113 (base 4) in base 11?
1077a
Convert 13 (base 4) to base 10.
7
1a4 (base 13) to base 5
2203
Convert 10201302 (base 4) to base 13.
8598
What is -13432 (base 11) in base 13?
-8944
Convert -424232 (base 5) to base 8.
-33755
What is 23 (base 4) in base 5?
21
Convert ac9 (base 13) to base 6.
12331
-a98 (base 12) to base 13
-929
What is 4126 (base 7) in base 11?
10a0
What is -10213202 (base 4) in base 2?
-100100111100010
Convert 15016 (base 10) to base 8.
35250
What is 1011100111001011 (base 2) in base 10?
47563
What is 2044 (base 6) in base 13?
295
1001111011 (base 2) to base 16
27b
Convert -10111111 (base 2) to base 15.
-cb
11011100101001 (base 2) to base 7
56112
Convert -138 (base 12) to base 3.
-20222
What is 3424 (base 5) in base 6?
2133
-112120 (base 3) to base 7
-1101
66812 (base 9) to base 12
2183b
b3 (base 15) to base 12
120
Convert 296 (base 16) to base 14.
354
What is -11530 (base 9) in base 10?
-7722
What is 1131333 (base 4) in base 15?
1bb0
1640 (base 9) to base 13
753
Convert 2112112210 (base 3) to base 7.
265455
548 (base 10) to base 3
202022
What is 106 (base 10) in base 3?
10221
What is 14330 (base 7) in base 4?
331211
Convert -26 (base 14) to base 6.
-54
-1463 (base 8) to base 4
-30303
What is -5406 (base 14) in base 13?
-67b2
-100673 (base 8) to base 14
-c163
302421 (base 5) to base 6
113024
What is -13895 (base 10) in base 9?
-21048
2166 (base 9) to base 13
960
Convert -110022 (base 4) to base 2.
-10100001010
What is -20012020 (base 3) in base 4?
-1012203
What is -112144 (base 6) in base 15?
-2c7d
What is 1010100001100 (base 2) in base 7?
21465
Convert 231331 (base 4) to base 12.
1851
649 (base 10) to base 8
1211
Convert 2abe (base 15) to base 3.
110120222
56 (base 13) to base 8
107
-541 (base 11) to base 2
-1010001010
-202120 (base 3) to base 6
-2323
What is 1833 (base 9) in base 16?
57f
What is 450 (base 12) in base 5?
10021
-4314 (base 13) to base 3
-110202220
What is -591 (base 11) in base 8?
-1301
What is 100101110110101 (base 2) in base 9?
28524
Convert 10030 (base 8) to base 6.
31024
What is 46569 (base 10) in base 14?
12d85
0 (base 4) to base 12
0
21252 (base 6) to base 7
11330
Convert -1c4 (base 13) to base 12.
-235
-302313 (base 4) to base 11
-249a
What is -317 (base 10) in base 3?
-102202
-104882 (base 9) to base 8
-172337
880 (base 9) to base 10
720
Convert -2735 (base 10) to base 11.
-2067
Convert 1432 (base 15) to base 9.
5832
Convert 7a (base 16) to base 13.
95
-4606 (base 7) to base 15
-767
What is 251415 (base 6) in base 13?
a274
What is 88b (base 16) in base 4?
202023
Convert 1746 (base 10) to base 3.
2101200
14553 (base 6) to base 9
3226
What is 1632 (base 7) in base 3?
220110
-3394 (base 11) to base 2
-1000101101011
Convert -22220 (base 3) to base 10.
-240
-110021001 (base 3) to base 12
-520a
What is 1002010 (base 3) in base 16?
312
-12306 (base 11) to base 7
-102344
Convert 77c3 (base 13) to base 4.
10011101
102223 (base 7) to base 9
26134
What is 335 (base 13) in base 10?
551
-8630 (base 12) to base 13
-6918
What is -515 (base 9) in base 10?
-419
-6d34 (base 14) to base 10
-19058
Convert -14037 (base 8) to base 11.
-4704
7a80 (base 11) to base 9
15504
Convert 1914 (base 10) to base 13.
b43
-1534 (base 6) to base 10
-418
-3bb1 (base 15) to base 13
-5a70
-104 (base 16) to base 15
-125
-12221 (base 3) to base 4
-2200
What is 34006 (base 11) in base 5?
3034003
-2210 (base 4) to base 10
-164
-10316 (base 8) to base 13
-1c5c
What is 718 (base 13) in base 10?
1204
1001000100 (base 2) to base 8
1104
2437 (base 8) to base 16
51f
Convert 50587 (base 11) to base 7.
425316
Convert 5916 (base 11) to base 7.
31425
-120210 (base 4) to base 8
-3044
34a3 (base 12) to base 10
5883
What is -2937 (base 15) in base 8?
-21173
What is -24 (base 12) in base 3?
-1001
Convert -216160 (base 7) to base 14.
-dca0
121010 (base 4) to base 5
22404
Convert -12511 (base 9) to base 16.
-20f2
Convert 10222 (base 3) to base 10.
107
Convert 1100110000100 (base 2) to base 11.
49a9
Convert -b4d8 (base 16) to base 12.
-22960
Convert -1254 (base 11) to base 5.
-23012
What is -338 (base 15) in base 16?
-2d8
What is -8908 (base 16) in base 11?
-243a1
What is 6331 (base 7) in base 16?
8b3
167 (base 13) to base 9
312
Convert 10100011001111010 (base 2) to base 15.
19b6d
Convert -231232 (base 4) to base 13.
-1441
142344 (base 7) to base 16
6a8c
Convert 7597 (base 10) to base 14.
2aa9
Convert 384 (base 14) to base 12.
4a8
Convert 88 (base 10) to base 4.
1120
Convert -133 (base 11) to base 4.
-2131
What is -11802 (base 10) in base 16?
-2e1a
What is -358 (base 11) in base 10?
-426
-421 (base 8) to base 6
-1133
Convert 3105 (base 7) to base 4.
100323
Convert -1811 (base 15) to base 14.
-1c6b
65e (base 15) to base 16
59f
-1000100110 (base 2) to base 4
-20212
-1380 (base 10) to base 8
-2544
-6598 (base 16) to base 11
-185a4
-1000001001 (base 2) to base 8
-1011
Convert -10a01 (base 13) to base 3.
-1112111110
What is -30002 (base 4) in base 14?
-3d0
Convert -20102012 (base 4) to base 2.
-1000010010000110
Convert -65145 (base 8) to base 10.
-27237
31211 (base 9) to base 16
5068
What is 17e (base 15) in base 13?
206
Convert -2